ose -4*n + 0*n = -72. Suppose -8*f + 7*f = -n. List the prime factors of f.
2, 3
Let k(r) = 4*r - 3. Let x be k(2). Suppose 0 = x*j + 3*l - 58, 5*j + 2*l = 3*l + 54. What are the prime factors of j?
11
List the prime factors of (-2)/((-2)/(-2))*-16.
2
Suppose 357 = 11*u - 8*u - 3*n, 15 = 5*n. List the prime factors of u.
2, 61
Let d(m) = 3*m**2 + 6*m + 4. Let h be d(-4). Suppose 0 = j + 3*j - h. What are the prime factors of j?
7
Suppose -2*p + 5*p = -5*f + 110, -2*f = 2*p - 48. Suppose f = 3*d - 6*j + 2*j, -3*j - 30 = -4*d. List the prime factors of d.
3
Suppose -4*b = -2*a - 12, 15 = 2*a - 0*a + 5*b. Suppose a*u - u - 24 = 0. Let v = -12 - u. List the prime factors of v.
2, 3
Let t(a) = a**3 - 9*a**2 - 2*a + 1. What are the prime factors of t(10)?
3
Suppose -4*w + 12 = -q - 1, 2*q + 3*w - 29 = 0. Let k = -24 - -27. Suppose k*d + 5*y = -3, -5*d = -q*y + 2*y - 35. What are the prime factors of d?
2
Suppose 27 = 4*m - 105. Let u = m - 1. Suppose 4*v - u = f, 0 = -6*v + 3*v + f + 24. List the prime factors of v.
2
Suppose -k + 312 = 3*k. What are the prime factors of k?
2, 3, 13
Let m be (4/6)/(4/18). Let q = m - 1. Suppose 5*k - 30 = 2*r, -5*k + 30 = -q*r - 3*r. List the prime factors of k.
2, 3
Let o(s) = -s + 5. Let w be o(3). Let h be 5/w*(-8)/(-10). Suppose -g - 2 = -k - h*k, -8 = -g - 2*k. List the prime factors of g.
2
Suppose -b - 104 = -5*s, s - 20 - 20 = 5*b. Suppose w + s = 3*w - 2*j, 5*w + 2*j - 85 = 0. What are the prime factors of w?
3, 5
Suppose 0 = -2*u - u + 9. Let q be u/9*(-3)/(-1). Suppose 0 = -3*b - 2*d + 15, 2*b + 5*d + q + 0 = 0. List the prime factors of b.
7
What are the prime factors of 1/2 + 567/18?
2
Let s be (-2 - -6)*(-5)/2. Let d = s - -20. List the prime factors of d.
2, 5
Let i(u) = 1 + 4*u - 3*u + 0*u. Suppose 0 = -c - 5, -5*z = 3*c + 10. List the prime factors of i(z).
2
Suppose -5*s + 5*f + 100 = 0, 7*s - 2*f - 94 = 2*s. Let q(i) = -i**2 - 13*i. Let k be q(-13). What are the prime factors of (s - k)*(-2)/(-6)?
2, 3
Let s(m) = -m**3 + 5*m**2 + 2*m + 5. What are the prime factors of s(4)?
29
Let o = 303 - 161. What are the prime factors of o?
2, 71
Let y(z) = z**2 + 7*z - 9. Let b = -7 + -2. Let k be y(b). Let m(j) = -j**2 + 9*j + 11. What are the prime factors of m(k)?
11
Suppose 3*a = -t + 50, -a - t + 20 = -4*t. Let r = -9 + a. List the prime factors of r.
2
Suppose -4*k + 1477 = 5*x, k - 3*k = 5*x - 741. List the prime factors of k.
2, 23
Let k = 1 + 1. Suppose -k*h + 4 + 2 = 0. List the prime factors of h.
3
Suppose -5*k + 320 = -0*k. Let x = k - 32. List the prime factors of x.
2
Suppose 10 = 2*q + 3*q. Suppose -2*z + 16 = q*z. Let l = 6 - z. List the prime factors of l.
2
Let p be (-10)/((-1 + 2)*-1). Let g be p*((-36)/(-15) + -2). Suppose -l = -g*l + 21. What are the prime factors of l?
7
Let k be 3/((-45)/10)*-3. Let c be (-1)/1*23 + 1. What are the prime factors of (-1)/k - c/4?
5
Let w(r) = 5*r**3 - r**2 + 2*r**2 + 5 + r - 1 - 4*r**3. Let m be w(0). Suppose t - 5 = 0, -m*t - 39 = -4*q - 3*t. List the prime factors of q.
11
Let z(v) = -v**2 + 4*v + 7. Let n(s) be the second derivative of 5*s**4/12 + s**3/6 - s**2/2 + 2*s. Let h be n(1). What are the prime factors of z(h)?
2
Let d(l) = l**3 - 4*l**2 - 2*l + 6. Let s = -2 + 6. Let c be d(s). List the prime factors of ((-4)/c - 1)*4.
2
Suppose -t + 2*t = 130. Let g be t/(-14) + 8/28. Let h = 20 + g. What are the prime factors of h?
11
Let s(u) = -u + u**3 - 1 - 10*u - 10 + 2*u + 4*u**2. What are the prime factors of s(-5)?
3
List the prime factors of -3*(-2 + 1) - -26.
29
Let c = 26 + -10. List the prime factors of c.
2
What are the prime factors of (-3)/2*5860/(-30)?
293
Let h(v) be the first derivative of 20*v**3/3 + v**2/2 - 2. Let n be h(-1). Let f = n + -12. List the prime factors of f.
7
Let z(g) = -g + 1. Let x be z(-3). Let u(i) = 3*i**2 - 4*i + 1. Let v be u(x). Suppose -v + 6 = -3*y. List the prime factors of y.
3
Suppose 0 = y - 2 - 1. Suppose 0 = y*t - 94 + 1. What are the prime factors of t?
31
Let f = 387 - 218. What are the prime factors of f?
13
Let h(g) = 3*g**2 + 7*g + 5. Suppose -5 = 4*b - 3*b. List the prime factors of h(b).
3, 5
Suppose -4*d + 62 = -54. Let k = 51 - d. Suppose -k - 8 = -2*c. What are the prime factors of c?
3, 5
What are the prime factors of -1 - (-76 - (1 + -5))?
71
Let y(b) = b**3 + 4*b**2 + 4*b + 1. Let c be y(-3). Let q(v) = 5*v**2. Let i be q(-1). Let l = i - c. What are the prime factors of l?
7
Suppose 0*y = 2*y - 10. Suppose 0 = -x + 3*g + 67, y*g + 36 + 37 = x. What are the prime factors of x/6 + 4/(-6)?
3
Suppose 5*o - 9 - 6 = 0. Suppose -o*b + 20 = -28. List the prime factors of b.
2
Let b(k) = -k**2 - 5*k + 2. Let r be b(-4). Let x = r - 3. What are the prime factors of (-92)/(-6) - 1/x?
3, 5
Suppose 6*c + 10 = c, i - 5*c = 14. Let t = 55 + -52. Suppose 4*y = t*y - 5*g + 6, i*g - 72 = -5*y. List the prime factors of y.
2
Suppose -c + 10 = c. Let q be (-1 - -2 - -2) + -3. Suppose c*u + w - 65 = q, -u + 13 = w + 4*w. What are the prime factors of u?
13
What are the prime factors of 9880/110 + 2/11?
2, 3, 5
Let f be 804/27 - 4/(-18). Suppose f = 2*t + t. What are the prime factors of t?
2, 5
Let k = -10 - -1. Let s = 25 + k. List the prime factors of s.
2
Let q = 14 + -12. Suppose q + 28 = 5*z. List the prime factors of z.
2, 3
Let w(h) = -h + 1. Let n be w(4). Let j(t) = 11*t**3 + 3*t**2 - 2*t + 3. Let x be j(n). List the prime factors of 2/12 - x/54.
5
Let q(o) = o**2 + 5*o + 8. Let d(p) = p - 1. Let c be d(-5). What are the prime factors of q(c)?
2, 7
What are the prime factors of ((-78)/(-65))/((-3)/(-100))?
2, 5
Let z(y) = -y**3 + 2*y**2 + 3*y - 3. Let w be z(2). Let p = 4 - -28. Suppose -p = -w*h - h. List the prime factors of h.
2
Suppose 5*f - 422 + 97 = 0. What are the prime factors of f?
5, 13
Let n(l) = -l**2 + 6*l. What are the prime factors of n(4)?
2
Let m(u) = -2*u**2 - 3*u**2 + 7 + 3*u**3 - 2*u**3. Suppose -3*z + 13 + 2 = 0. List the prime factors of m(z).
7
Suppose -5 + 20 = 5*g. Suppose 1 = -g*h + o - 1, o - 6 = -h. List the prime factors of (h/(-2))/(1/(-16)).
2
Suppose -4 = f - 0. Let r = f - -6. Suppose -51 = -t - r*t. List the prime factors of t.
17
Let q be (4 - 4)/(2 - 3). Suppose 2*t - 21 = -5*s - q, 3 = s + t. What are the prime factors of s?
5
Let d(l) = 43*l**3 + l**2. What are the prime factors of d(1)?
2, 11
Let b(t) = -3*t**2 - 5*t - 9. Let i(g) = 2*g**2 + 4*g + 8. Let z(v) = 3*b(v) + 4*i(v). List the prime factors of z(0).
5
Let u = -12 - -87. What are the prime factors of u?
3, 5
Suppose -3*l + 737 = 5*y, -y - y = -3*l + 751. Suppose -59 + l = 5*w. What are the prime factors of w?
2, 19
Let o be 3/5 + 306/15. Suppose 3*j = -0*j + o. List the prime factors of j.
7
Let q be 6*1 + (-1)/1. Suppose 0 = -q*y - m + 24, 18 = 3*y - 0*y - 3*m. What are the prime factors of y?
5
Let s be (-68)/(-18) - (-4)/18. Suppose 3*x - 2*w - 110 = 0, -x + 0*w - w = -30. Suppose s*c + 4*u = 52, -26 - x = -4*c + 4*u. List the prime factors of c.
2, 7
Let q = -14 + 31. What are the prime factors of q?
17
Suppose k + 4*q = 2*k - 16, -3*k + 5*q = -20. List the prime factors of (-2)/(-2)*(k + 13).
13
What are the prime factors of 4/(-6) + 3372/36?
3, 31
Let i(t) = 18*t - 1. List the prime factors of i(3).
53
Let p(v) be the second derivative of -v**5/20 + 7*v**4/12 - v**3/3 + 5*v**2/2 + 6*v. What are the prime factors of p(6)?
29
Let n(k) = 5*k**2 - 7*k + 39. Let i(z) = -2*z**2 + 3*z - 19. Let j(p) = -7*i(p) - 3*n(p). List the prime factors of j(0).
2
Let z(w) = -5*w**3 + 4*w**2 - 2*w - 12. What are the prime factors of z(-3)?
3, 5, 11
Let b(z) = -z - 5. Let n be b(-8). Suppose 1 = 2*q - n. Suppose q*r + 9 = 27. What are the prime factors of r?
3
Let r be (-13)/(-4) - 2/8. Let l(y) = -y**3 + 2*y**2 + 5*y - 3. Let p be l(r). Suppose 0 = -p*n + 5 + 10. What are the prime factors of n?
5
List the prime factors of (-43 - -1)/((-2)/6).
2, 3, 7
Let t = -4 - -6. Let j(g) = 3*g**2 - t + 3*g**2 + 1 + g. List the prime factors of j(1).
2, 3
Let s = -10 + 7. Let o(l) = -l**2 - 8*l - 4. Let t be o(s). Suppose -q = -1 - t. What are the prime factors of q?
2, 3
Suppose 0*d = 5*d - 420. What are the prime factors of d?
2, 3, 7
Let w = -72 - -103. Let f = w - 17. What are the prime factors of f?
2, 7
Let y be (-3 - 